 common divisor of 17181 and 166.
83
Calculate the highest common divisor of 899 and 31.
31
What is the highest common factor of 14 and 1418?
2
Calculate the greatest common divisor of 836 and 528.
44
What is the highest common divisor of 65 and 169?
13
Calculate the greatest common divisor of 1122 and 119.
17
Calculate the greatest common divisor of 5117 and 357.
119
Calculate the greatest common factor of 39 and 8775.
39
What is the greatest common divisor of 31 and 4?
1
What is the highest common divisor of 105 and 1869?
21
Calculate the highest common divisor of 4063 and 34.
17
What is the greatest common divisor of 434 and 13237?
217
What is the highest common factor of 64 and 3392?
64
Calculate the greatest common factor of 11 and 2992.
11
What is the greatest common divisor of 117 and 156?
39
What is the greatest common factor of 5 and 10?
5
Calculate the greatest common factor of 124 and 44.
4
What is the highest common factor of 1221 and 2109?
111
Calculate the greatest common factor of 54 and 288.
18
What is the greatest common divisor of 2 and 166?
2
What is the greatest common divisor of 30 and 150?
30
What is the highest common divisor of 6 and 9?
3
Calculate the highest common factor of 176 and 1276.
44
Calculate the highest common factor of 76 and 122.
2
Calculate the highest common factor of 26 and 1482.
26
Calculate the highest common divisor of 60 and 94.
2
Calculate the greatest common divisor of 75 and 650.
25
What is the greatest common factor of 2 and 50?
2
Calculate the highest common divisor of 6864 and 66.
66
What is the greatest common factor of 173 and 47921?
173
Calculate the highest common factor of 390 and 45.
15
What is the highest common factor of 2508 and 6?
6
What is the greatest common divisor of 9540 and 4134?
318
What is the greatest common factor of 2430 and 108?
54
What is the highest common divisor of 22356 and 162?
162
Calculate the highest common factor of 688 and 32.
16
Calculate the greatest common divisor of 1053 and 13.
13
What is the highest common divisor of 8 and 56?
8
What is the greatest common divisor of 40 and 17240?
40
Calculate the highest common factor of 84 and 60.
12
Calculate the greatest common divisor of 108 and 540.
108
Calculate the highest common divisor of 20 and 16.
4
What is the highest common divisor of 392 and 56?
56
What is the greatest common divisor of 943 and 92?
23
Calculate the highest common factor of 24 and 114.
6
Calculate the highest common divisor of 905 and 5.
5
What is the greatest common divisor of 729 and 18?
9
Calculate the greatest common factor of 48 and 624.
48
What is the greatest common divisor of 30 and 12405?
15
Calculate the highest common divisor of 217 and 31.
31
What is the highest common factor of 95 and 55?
5
What is the greatest common factor of 9 and 33?
3
What is the highest common divisor of 40 and 25?
5
Calculate the greatest common divisor of 25 and 200.
25
What is the greatest common divisor of 88 and 49016?
88
Calculate the highest common factor of 50 and 950.
50
What is the greatest common divisor of 64 and 2?
2
What is the highest common divisor of 16 and 1616?
16
What is the greatest common factor of 2997 and 111?
111
What is the greatest common factor of 61 and 7808?
61
Calculate the highest common divisor of 7888 and 4.
4
What is the highest common factor of 330 and 255?
15
What is the greatest common factor of 96 and 1824?
96
What is the highest common factor of 10976 and 28?
28
What is the greatest common factor of 225 and 4075?
25
What is the highest common divisor of 399 and 21?
21
What is the highest common factor of 16 and 80?
16
What is the greatest common factor of 48612 and 12?
12
Calculate the highest common divisor of 6364 and 516.
172
Calculate the highest common divisor of 6 and 402.
6
What is the highest common factor of 3 and 51?
3
What is the highest common divisor of 72 and 7560?
72
What is the highest common factor of 215 and 15?
5
Calculate the highest common factor of 4221 and 21.
21
Calculate the highest common factor of 62 and 775.
31
Calculate the highest common divisor of 345 and 115.
115
What is the highest common factor of 42 and 18?
6
Calculate the highest common divisor of 585 and 1638.
117
What is the highest common factor of 4366 and 590?
118
Calculate the highest common divisor of 460 and 4416.
92
Calculate the highest common divisor of 1952 and 122.
122
What is the highest common divisor of 516 and 84?
12
What is the greatest common factor of 4661 and 295?
59
Calculate the greatest common factor of 1089 and 36.
9
What is the highest common factor of 1027 and 351?
13
What is the greatest common divisor of 316 and 553?
79
Calculate the highest common factor of 105 and 819.
21
What is the greatest common divisor of 82 and 2542?
82
What is the highest common divisor of 90 and 855?
45
Calculate the greatest common divisor of 325 and 403.
13
Calculate the greatest common divisor of 330 and 154.
22
What is the highest common divisor of 441 and 21?
21
Calculate the highest common factor of 1488 and 48.
48
Calculate the greatest common divisor of 1991 and 22.
11
Calculate the greatest common divisor of 98 and 1127.
49
What is the highest common divisor of 16 and 664?
8
What is the highest common factor of 217 and 155?
31
What is the greatest common divisor of 798 and 38?
38
What is the highest common factor of 42 and 7?
7
What is the greatest common factor of 80 and 1280?
80
What is the highest common factor of 477 and 243?
9
Calculate the highest common factor of 8304 and 84.
12
Calculate the highest common divisor of 50 and 40.
10
Calculate the highest common factor of 252 and 1701.
63
What is the highest common divisor of 159 and 3498?
159
Calculate the highest common factor of 104 and 13.
13
What is the greatest common divisor of 84 and 2604?
84
What is the greatest common factor of 2 and 1798?
2
Calculate the greatest common divisor of 9 and 21.
3
What is the highest common factor of 52 and 5317?
13
Calculate the greatest common factor of 138 and 69.
69
What is the highest common divisor of 986 and 102?
34
What is the highest common divisor of 527 and 93?
31
Calculate the highest common divisor of 162 and 228.
6
Calculate the highest common factor of 5750 and 4370.
230
Calculate the greatest common divisor of 390 and 156.
78
Calculate the highest common divisor of 134 and 2.
2
Calculate the greatest common divisor of 29 and 145.
29
What is the highest common divisor of 42 and 98?
14
Calculate the highest common divisor of 45 and 99.
9
What is the greatest common factor of 2260 and 120?
20
Calculate the highest common divisor of 391 and 68.
17
Calculate the highest common divisor of 310 and 20.
10
What is the highest common factor of 10 and 3310?
10
Calculate the greatest common divisor of 12 and 2724.
12
Calculate the greatest common factor of 7 and 203.
7
What is the highest common factor of 210 and 798?
42
What is the highest common factor of 19 and 95?
19
What is the greatest common factor of 2 and 798?
2
Calculate the greatest common factor of 13 and 2249.
13
What is the highest common divisor of 352 and 88?
88
Calculate the highest common factor of 80 and 200.
40
Calculate the highest common factor of 330 and 120.
30
What is the greatest common divisor of 2710 and 10?
10
Calculate the greatest common divisor of 52 and 585.
13
What is the greatest common divisor of 42 and 322?
14
Calculate the greatest common divisor of 5 and 95.
5
Calculate the greatest common divisor of 190 and 418.
38
What is the highest common factor of 295 and 5?
5
Calculate the highest common factor of 469 and 134.
67
What is the highest common factor of 196 and 7?
7
Calculate the greatest common factor of 7178 and 1552.
194
What is the greatest common factor of 52 and 116?
4
Calculate the highest common factor of 97 and 776.
97
Calculate the greatest common divisor of 100 and 75.
25
Calculate the greatest common divisor of 870 and 18.
6
Calculate the highest common factor of 18 and 1332.
18
Calculate the highest common divisor of 175 and 210.
35
Calculate the highest common factor of 760 and 540.
20
Calculate the greatest common factor of 82 and 205.
41
What is the highest common factor of 3 and 24?
3
Calculate the greatest 